{"id":71,"date":"2017-01-02T14:55:50","date_gmt":"2017-01-02T13:55:50","guid":{"rendered":"http:\/\/www.beesimple.de\/wordpress\/?page_id=71"},"modified":"2018-03-22T18:49:13","modified_gmt":"2018-03-22T17:49:13","slug":"honig-kaufen","status":"publish","type":"page","link":"https:\/\/www.beesimple.de\/index.php\/rund-um-den-honig\/honig-kaufen\/","title":{"rendered":"Honig kaufen"},"content":{"rendered":"                \t<style type=\"text\/css\">\n                \t.kad-slider-895 .kad-slider .kadcaptiontitle {font-size:24px;}.kad-slider-895 .kad-slider .kadcaptiontitle {font-weight:300;}.kad-slider-895 .kad-slider .kadcaptiontitle {letter-spacing:normalpx;}.kad-slider-895 .kad-slider .kadcaptiontext p {font-size:18px;}.kad-slider-895 .kad-slider .kadcaptiontext p {font-weight:400;}.kad-slider-895 .kad-slider .kadcaptiontext p {letter-spacing:normalpx;}.kad-slider-895 .kad-slider .caption-case-inner {text-align:center;}@media (max-width: 992px) {.kad-slider-895 .kad-slider .kadcaptiontext p {font-size:18px;}.kad-slider-895 .kad-slider .kadcaptiontitle {font-size:50px;}} @media (max-width: 767px) {.kad-slider-895 .kad-slider .kadcaptiontitle {font-size:26px;}.kad-slider-895 .kad-slider .kadcaptiontext p {font-size:14px;}}                \t<\/style>\n\t\t\t  \t<div class=\"kad-slider-wrapper   kad-slider-895\" data-ktslider-id=\"895\" data-ktslider-auto-play=\"true\" data-ktslider-pause-time=\"9000\" data-ktslider-height=\"510\" data-ktslider-height-type=\"normal\" style=\"max-width:1200px; margin-left: auto; margin-right:auto;\">\n\t\t\t    \t<div id=\"kad-slider-895\" class=\"kad-slider kad-loading\" style=\"margin-left: auto; margin-right:auto; height:510px; \">\n\t\t\t        \t<ul class=\"kad-slider-canvas seq-canvas\" style=\"height:510px;\" >\n\t\t\t        \t\t\t\t                      <li> \n\t\t\t                              <div class=\"kad-slide kad-slide-1  \" style=\"background-image: url('https:\/\/www.beesimple.de\/wp-content\/uploads\/Honig\/IMG_3498.jpg'); background-size:cover; background-repeat: no-repeat;\">\n\t\t\t                              \t<div class=\"caption-case kad-placement-bc\">\n\t\t\t                                \t<div class=\"kad-slide-caption animated kt-fadeIn kt-fadeOut\">\n\t\t\t                                \t\t<div class=\"caption-case-inner\" data-0=\"opacity: 1;\" data-300=\"opacity: 0;\">\n\t\t\t\t\t                                <div class=\"kadcaptiontitle clearfix headerfont\">Das Fr\u00fchst\u00fcckstrio<\/div><div class=\"clearfix\"><\/div>\t\t\t\t\t                                \t\t\t\t\t                                \t\t\t\t\t                                \t\t\t                                \t\t<\/div> \n\t\t\t                                \t<\/div> \n\t\t\t                            \t<\/div>\n\t\t\t                            <\/div>\n\t\t\t                      \t<\/li> \n\t\t\t                      \t\t\t\t            \t\t\t                      <li> \n\t\t\t                              <div class=\"kad-slide kad-slide-2  \" style=\"background-image: url('https:\/\/www.beesimple.de\/wp-content\/uploads\/Honig\/IMG_3516.jpg'); background-size:cover; background-repeat: no-repeat;\">\n\t\t\t                              \t<div class=\"caption-case kad-placement-bc\">\n\t\t\t                                \t<div class=\"kad-slide-caption animated kt-fadeIn kt-fadeOut\">\n\t\t\t                                \t\t<div class=\"caption-case-inner\" data-0=\"opacity: 1;\" data-300=\"opacity: 0;\">\n\t\t\t\t\t                                <div class=\"kadcaptiontitle clearfix headerfont\">Rapshonig im 300g Glas<\/div><div class=\"clearfix\"><\/div>\t\t\t\t\t                                \t\t\t\t\t                                \t\t\t\t\t                                \t\t\t                                \t\t<\/div> \n\t\t\t                                \t<\/div> \n\t\t\t                            \t<\/div>\n\t\t\t                            <\/div>\n\t\t\t                      \t<\/li> \n\t\t\t                      \t\t\t\t            \t\t\t                      <li> \n\t\t\t                              <div class=\"kad-slide kad-slide-3  \" style=\"background-image: url('https:\/\/www.beesimple.de\/wp-content\/uploads\/Honig\/IMG_3515.jpg'); background-size:cover; background-repeat: no-repeat;\">\n\t\t\t                              \t<div class=\"caption-case kad-placement-bc\">\n\t\t\t                                \t<div class=\"kad-slide-caption animated kt-fadeIn kt-fadeOut\">\n\t\t\t                                \t\t<div class=\"caption-case-inner\" data-0=\"opacity: 1;\" data-300=\"opacity: 0;\">\n\t\t\t\t\t                                <div class=\"kadcaptiontitle clearfix headerfont\">Sommerhonig im 300g Glas<\/div><div class=\"clearfix\"><\/div>\t\t\t\t\t                                \t\t\t\t\t                                \t\t\t\t\t                                \t\t\t                                \t\t<\/div> \n\t\t\t                                \t<\/div> \n\t\t\t                            \t<\/div>\n\t\t\t                            <\/div>\n\t\t\t                      \t<\/li> \n\t\t\t                      \t\t\t\t            \t\t\t                      <li> \n\t\t\t                              <div class=\"kad-slide kad-slide-4  \" style=\"background-image: url('https:\/\/www.beesimple.de\/wp-content\/uploads\/Honig\/IMG_3514.jpg'); background-size:cover; background-repeat: no-repeat;\">\n\t\t\t                              \t<div class=\"caption-case kad-placement-bc\">\n\t\t\t                                \t<div class=\"kad-slide-caption animated kt-fadeIn kt-fadeOut\">\n\t\t\t                                \t\t<div class=\"caption-case-inner\" data-0=\"opacity: 1;\" data-300=\"opacity: 0;\">\n\t\t\t\t\t                                <div class=\"kadcaptiontitle clearfix headerfont\">Rapshonig im 500g Glas<\/div><div class=\"clearfix\"><\/div>\t\t\t\t\t                                \t\t\t\t\t                                \t\t\t\t\t                                \t\t\t                                \t\t<\/div> \n\t\t\t                                \t<\/div> \n\t\t\t                            \t<\/div>\n\t\t\t                            <\/div>\n\t\t\t                      \t<\/li> \n\t\t\t                      \t\t\t\t            \t\t\t        \t<\/ul>\n\t\t\t        \t<ul class=\"kad-slider-pagination kad-pag-895\">\n\t\t\t        \t\t\t\t\t\t\t\t    <li class=\"kad-slider-dot\"><\/li>\n\t\t\t\t\t\t    \t\t\t\t\t\t    <li class=\"kad-slider-dot\"><\/li>\n\t\t\t\t\t\t    \t\t\t\t\t\t    <li class=\"kad-slider-dot\"><\/li>\n\t\t\t\t\t\t    \t\t\t\t\t\t    <li class=\"kad-slider-dot\"><\/li>\n\t\t\t\t\t\t    \t\t\t\t\t\t<\/ul>\n\t\t\t        \t<a class=\"kad-slider-next kad-slider-navigate kad-next-895\"><\/a>\n\t\t\t        \t<a class=\"kad-slider-prev kad-slider-navigate kad-prev-895\"><\/a>\n\t\t\t        \t\t\t\t      <\/div> <!--kad-slides-->\n\t\t\t  <\/div> <!--kad-slider-->\n            \t\t\n\t\n<p>&nbsp;<\/p>\n<h2>Unser Honigverkauf:<\/h2>\n<p>Das ganze Jahr \u00fcber bieten wir sowohl Raps- als auch Sommerhonig an. Im Regelfall geben wir den Honig in 300g Gl\u00e4sern ab, aber wir haben auch auf Wunsch auf 500g Gl\u00e4ser im Programm. Den Honig ver\u00e4u\u00dfern wir auf den M\u00e4rkten rund um Kisdorf. Wenn Sie den Honig gerne vor Ort abholen m\u00f6chten, rufen Sie bitte kurz durch, da wir kein Ladengesch\u00e4ft betreiben.<\/p>\n<p>Wir sind unter # 04193 \/ 50 42 933 zu erreichen.<\/p>\n[wpgmza id=&#8220;1&#8243;]\n<p>Zu finden Sie wir im Wendehammer der Krambekskoppel 24 in 24629 Kisdorf.<\/p>\n<p><em>Kein Ladengesch\u00e4ft! Bitte rufen Sie vorher an. Vielen Dank f\u00fcr Ihr Verst\u00e4ndnis.<\/em><\/p>\n<p>&nbsp;<\/p>\n","protected":false},"excerpt":{"rendered":"<p>&nbsp; Unser Honigverkauf: Das ganze Jahr \u00fcber bieten wir sowohl Raps- als auch Sommerhonig an. Im Regelfall geben wir den Honig in 300g Gl\u00e4sern ab, aber wir haben auch auf Wunsch auf 500g Gl\u00e4ser im Programm. Den Honig ver\u00e4u\u00dfern wir auf den M\u00e4rkten rund um Kisdorf. Wenn Sie den Honig &hellip; <a class=\"kt-excerpt-readmore\" href=\"https:\/\/www.beesimple.de\/index.php\/rund-um-den-honig\/honig-kaufen\/\" aria-label=\"Honig kaufen\">Weiterlesen<\/a><\/p>\n","protected":false},"author":1,"featured_media":0,"parent":14,"menu_order":1,"comment_status":"closed","ping_status":"closed","template":"","meta":{"footnotes":""},"class_list":["post-71","page","type-page","status-publish","hentry"],"_links":{"self":[{"href":"https:\/\/www.beesimple.de\/index.php\/wp-json\/wp\/v2\/pages\/71","targetHints":{"allow":["GET"]}}],"collection":[{"href":"https:\/\/www.beesimple.de\/index.php\/wp-json\/wp\/v2\/pages"}],"about":[{"href":"https:\/\/www.beesimple.de\/index.php\/wp-json\/wp\/v2\/types\/page"}],"author":[{"embeddable":true,"href":"https:\/\/www.beesimple.de\/index.php\/wp-json\/wp\/v2\/users\/1"}],"replies":[{"embeddable":true,"href":"https:\/\/www.beesimple.de\/index.php\/wp-json\/wp\/v2\/comments?post=71"}],"version-history":[{"count":17,"href":"https:\/\/www.beesimple.de\/index.php\/wp-json\/wp\/v2\/pages\/71\/revisions"}],"predecessor-version":[{"id":900,"href":"https:\/\/www.beesimple.de\/index.php\/wp-json\/wp\/v2\/pages\/71\/revisions\/900"}],"up":[{"embeddable":true,"href":"https:\/\/www.beesimple.de\/index.php\/wp-json\/wp\/v2\/pages\/14"}],"wp:attachment":[{"href":"https:\/\/www.beesimple.de\/index.php\/wp-json\/wp\/v2\/media?parent=71"}],"curies":[{"name":"wp","href":"https:\/\/api.w.org\/{rel}","templated":true}]}}