{"id":77,"date":"2017-01-02T14:57:45","date_gmt":"2017-01-02T13:57:45","guid":{"rendered":"http:\/\/www.beesimple.de\/wordpress\/?page_id=77"},"modified":"2018-03-17T12:49:28","modified_gmt":"2018-03-17T11:49:28","slug":"met","status":"publish","type":"page","link":"https:\/\/www.beesimple.de\/index.php\/sonstige-produkte\/met\/","title":{"rendered":"Met"},"content":{"rendered":"<h2><span style=\"color: #0000ff;\">Schnaps &#8211; nicht nur f\u00fcr den Imker!\u00a0 \ud83d\ude00<\/span><\/h2>\n<p>&nbsp;<\/p>\n<p>Mittlerweile habe ich mich auch nach ein paar Jahren der Imkerei an die Herstellung von Met gewagt. Nach dem Kauf vom Ballons, Flaschen, Schl\u00e4uchen und B\u00fcchern ging es ans Werk. Ich habe zun\u00e4chst einen einfachen Met hergestellt und habe tolle R\u00fcckmeldungen erhalten. Man braucht halt &#8211; wie in der gesamten Imkerei &#8211; viel Geduld. Da ich mich aber nicht mit Zoll und \u00e4hnlichem rumschlagen will, verkaufe ich zur Zeit keinen selbst hergestellten Met. Aber, davon abgesehen gibt es auch professionell hergestellten Met, den ich jetzt mit ins Programm genommen habe:<\/p>\n<p>&nbsp;<\/p>\n<figure id=\"attachment_503\" class=\"thumbnail wp-caption alignnone\" style=\"width: 150px\"><a href=\"https:\/\/www.beesimple.de\/wp-content\/uploads\/Produkte\/Met_transparent.png\" target=\"_blank\" rel=\"noopener\"><img loading=\"lazy\" decoding=\"async\" class=\"wp-image-503 size-thumbnail\" src=\"https:\/\/www.beesimple.de\/wp-content\/uploads\/Produkte\/Met_transparent-150x150.png\" alt=\"Met, Geschmacksrichtung &quot;lieblich&quot;\" width=\"150\" height=\"150\" srcset=\"https:\/\/www.beesimple.de\/wp-content\/uploads\/Produkte\/Met_transparent-150x150.png 150w, https:\/\/www.beesimple.de\/wp-content\/uploads\/Produkte\/Met_transparent-800x800.png 800w, https:\/\/www.beesimple.de\/wp-content\/uploads\/Produkte\/Met_transparent-400x400.png 400w, https:\/\/www.beesimple.de\/wp-content\/uploads\/Produkte\/Met_transparent-150x150@2x.png 300w\" sizes=\"auto, (max-width: 150px) 100vw, 150px\" \/><\/a><figcaption class=\"caption wp-caption-text\">Met, Geschmacksrichtung &#8222;lieblich&#8220;<\/figcaption><\/figure>\n<p>Wer es lieblich mag, ist mit diesem Met gut bedient. Ich pers\u00f6nlich mag ihn und kann in empfehlen.<\/p>\n<p>&nbsp;<\/p>\n","protected":false},"excerpt":{"rendered":"<p>Schnaps &#8211; nicht nur f\u00fcr den Imker!\u00a0 \ud83d\ude00 &nbsp; Mittlerweile habe ich mich auch nach ein paar Jahren der Imkerei an die Herstellung von Met gewagt. Nach dem Kauf vom Ballons, Flaschen, Schl\u00e4uchen und B\u00fcchern ging es ans Werk. Ich habe zun\u00e4chst einen einfachen Met hergestellt und habe tolle R\u00fcckmeldungen &hellip; <a class=\"kt-excerpt-readmore\" href=\"https:\/\/www.beesimple.de\/index.php\/sonstige-produkte\/met\/\" aria-label=\"Met\">Weiterlesen<\/a><\/p>\n","protected":false},"author":1,"featured_media":0,"parent":43,"menu_order":2,"comment_status":"closed","ping_status":"closed","template":"page-sidebar.php","meta":{"footnotes":""},"class_list":["post-77","page","type-page","status-publish","hentry"],"_links":{"self":[{"href":"https:\/\/www.beesimple.de\/index.php\/wp-json\/wp\/v2\/pages\/77","targetHints":{"allow":["GET"]}}],"collection":[{"href":"https:\/\/www.beesimple.de\/index.php\/wp-json\/wp\/v2\/pages"}],"about":[{"href":"https:\/\/www.beesimple.de\/index.php\/wp-json\/wp\/v2\/types\/page"}],"author":[{"embeddable":true,"href":"https:\/\/www.beesimple.de\/index.php\/wp-json\/wp\/v2\/users\/1"}],"replies":[{"embeddable":true,"href":"https:\/\/www.beesimple.de\/index.php\/wp-json\/wp\/v2\/comments?post=77"}],"version-history":[{"count":6,"href":"https:\/\/www.beesimple.de\/index.php\/wp-json\/wp\/v2\/pages\/77\/revisions"}],"predecessor-version":[{"id":670,"href":"https:\/\/www.beesimple.de\/index.php\/wp-json\/wp\/v2\/pages\/77\/revisions\/670"}],"up":[{"embeddable":true,"href":"https:\/\/www.beesimple.de\/index.php\/wp-json\/wp\/v2\/pages\/43"}],"wp:attachment":[{"href":"https:\/\/www.beesimple.de\/index.php\/wp-json\/wp\/v2\/media?parent=77"}],"curies":[{"name":"wp","href":"https:\/\/api.w.org\/{rel}","templated":true}]}}